 the units digit of r(x)?
3
Let d = 20 - -8. Suppose -4*z = 2*t - z - d, 20 = -5*z. What is the tens digit of t?
2
What is the units digit of (-10)/6 + 2794/33?
3
Let y(o) = o**2 - 2. Suppose 2*z - 19 = -5*a, -4*a - z = -5*z - 4. Suppose -4*h = 5 + a. What is the units digit of y(h)?
2
Suppose 74 + 1 = 5*d. What is the units digit of (d/12)/((-1)/(-8))?
0
Let j be ((-4)/(-6))/((-4)/6). Let y = j - -7. What is the units digit of y?
6
Let r(s) = 134*s**2 + s + 1. What is the units digit of r(-1)?
4
Suppose 3*b + 76 = -b. Let s = 37 + b. What is the units digit of s?
8
Let k(f) = f**3 - 3*f**2 - 2*f - 2. Let y be k(4). What is the units digit of ((-30)/9)/(y/(-9))?
5
Suppose 2*y = -5*g + 4, 14 - 1 = 5*g - y. Suppose -24 = -g*k + 8. What is the units digit of k/6 + 4/(-6)?
2
What is the units digit of (-4096)/(-24) + (-1)/(-3)?
1
Let f = -6 - -3. What is the units digit of (-7)/(-1) - (f + 1)?
9
Suppose -9*q + 10*q = 226. What is the tens digit of q?
2
Let g(t) = 46*t**3 + t**2 - t. Let c be g(1). Suppose b - c = -5*y, y - 86 = -3*b - y. What is the tens digit of b?
2
Suppose h = 3*h - 10, 176 = 3*o + h. What is the tens digit of o?
5
Suppose -2*g - 8 = -260. What is the tens digit of g?
2
Suppose -r = 4*m - 72, -5*m - 79 = 2*r - 4*r. What is the units digit of r?
2
Suppose 4 = -o - o. Let f(a) = a**2 + a + 1. What is the units digit of f(o)?
3
Suppose -2 = -5*y + 13. Let x(i) = y*i**2 - i - 2*i**2 + 4 - 1. What is the units digit of x(3)?
9
Let c be (-1 + -2)/((-6)/8). Suppose 0 = 3*t + 5*o - 68, 1 = t - 3*o - 17. Suppose c*v - 3*p = v + t, v - 9 = 2*p. What is the units digit of v?
5
Let u(y) = 4*y + 3. Let i(o) = 5*o + 3. Let z(r) = -3*i(r) + 4*u(r). Suppose 3 + 0 = 5*g + 3*s, -5*g = 2*s - 7. What is the units digit of z(g)?
6
What is the units digit of (-1664)/(-65)*(6 - 1)?
8
Let t(d) = 3*d**2 - d + 1. Suppose 5 - 1 = 2*g. What is the units digit of t(g)?
1
Let y = 25 - 13. Let b = 27 - y. Suppose -l + b = 5. What is the tens digit of l?
1
Suppose 4*v + 2*g = 46, g = -4 - 1. What is the units digit of v?
4
Let b(r) = r**2 - r - 2. What is the units digit of b(-2)?
4
What is the units digit of 0 - (-2)/((-80)/(-36) + -2)?
9
Let s = 84 - 52. What is the units digit of s?
2
Suppose -3 = 3*w - 3*z - 0*z, -9 = -w - 4*z. Let h be 2/4 - w/2. Suppose 4*y + 2*j - 44 = h, 2*y + 3 = 5*j + 13. What is the tens digit of y?
1
Suppose 0*p + 4*p = -5*v + 44, 3*p = 3*v - 48. What is the units digit of 3/v - 9/(-12)?
1
What is the tens digit of 4/4 - (0 + -34)?
3
Let x(k) = -k**3 + 2*k**2 + 3*k - 2. Let r = -5 - -7. Let v be x(r). Suppose -3 - v = -o. What is the units digit of o?
7
Let i = 165 - 65. What is the tens digit of i?
0
Let a(h) = 5 + 0*h**2 - 8*h + 3*h**2 - h**3 + 4*h**2. Suppose -b + 2*v = -0*b - 15, 5*b = v + 30. What is the units digit of a(b)?
5
Suppose -c - 3*v = -184, c + 3*c - 4*v = 752. What is the tens digit of c?
8
Suppose 2*s + 120 = 2*x, -3*s = x - 2*x + 52. Suppose -5*p - 16 = -m - 2*p, 4*m = 3*p + x. What is the tens digit of m?
1
Suppose 3*q - 2 - 4 = 0. Let l(h) be the first derivative of h**2 + h - 1. What is the units digit of l(q)?
5
Let b(v) = 4*v - 1. Let c be b(1). Let m = c - 2. What is the units digit of m?
1
Let k(a) = 1 - 2 - a**3 + 3*a**3. Let s be k(1). Suppose 0 = 2*u + 2, -2*j = j + 2*u - s. What is the units digit of j?
1
Let p be (-2 + -16)*2/4. Let g = p + 47. Suppose 0 = m + m - 3*w - g, 0 = -4*w - 8. What is the tens digit of m?
1
Let j(w) = w**2 - 2. Let c be 17/(-5) - 8/(-20). Let x be j(c). Let o = -3 + x. What is the units digit of o?
4
Let g(l) = -5*l**3 + l. Let t(v) = v**3 + 11*v**2 + 9*v - 11. Let s be t(-10). What is the units digit of g(s)?
4
Let z = -4 - -6. Suppose -5 = -z*w + 5. Suppose 52 = w*l - 4*x, 3*x = -3*l + 6*l - 30. What is the units digit of l?
2
Suppose -7*n + 6*n - 782 = -4*d, -6 = -3*n. What is the units digit of d?
6
Let u = 108 + -72. Let c = -15 + u. What is the tens digit of c?
2
Let a be ((-2)/(-4))/(6/72). Let m = 24 - a. What is the units digit of m?
8
Let w(h) = -h**2 - 8*h - 2. What is the tens digit of w(-6)?
1
Suppose 0 = -2*k + 4*p + 62, 0 = -3*k + 3*p - p + 89. Let x = k - -21. What is the tens digit of x?
5
What is the units digit of 28/12*75 + -2?
3
Let l be 14/4 - 6/4. Suppose v + v = -2*h - 6, -l*h = -5*v + 20. Suppose -v*u = -19 + 7. What is the units digit of u?
6
Suppose 4*g = 235 - 71. What is the units digit of g?
1
Let u be -3*(-2)/3 + -7. Let z(a) be the third derivative of a**5/60 + a**4/6 - a**3/2 - 8*a**2. What is the units digit of z(u)?
2
Let z be (-2)/(-5) + (-26)/(-10). Let n(w) = 7*w**2 - z*w**2 + 2*w**3 + 1 - 2*w - 3*w**3. What is the units digit of n(3)?
4
Let i = 5 - 1. Let f = 7 - i. Let q = -2 + f. What is the units digit of q?
1
Let a(w) = 0*w**2 + 5*w + 0*w**2 + 1 - w**2. Let c be a(4). What is the units digit of 0 + 4 + (-10)/c?
2
Let g = 401 - 217. What is the hundreds digit of g?
1
Suppose x + 12 - 68 = -5*w, -28 = -3*w + 5*x. Let t = 37 - w. What is the units digit of t?
6
Let h(q) = -q + 1. Let z(m) = -4. Let n(k) = -k - 5. Let o be n(-11). Let t(i) = o*h(i) + 2*z(i). What is the units digit of t(-2)?
0
Let p(v) = 8*v**3 + 2*v**2 - 9*v + 14. What is the units digit of p(2)?
8
Let m be -14*(-3 - 3/(-6)). Suppose m = -q + 6*q. What is the units digit of q?
7
Let g = 24 - 37. Let h = -11 - g. What is the units digit of (-75)/(-11) + h/11?
7
Let w = 137 + -87. What is the units digit of w?
0
Let t = 16 - 17. Let y = -31 - -14. What is the tens digit of (6/3)/t - y?
1
Let a(p) = 4*p**2 - 11*p - 65. Let h(x) = -x**2 + 3*x + 16. Let i(f) = -2*a(f) - 9*h(f). What is the units digit of i(10)?
6
Let r be 2/3*(-1 - 26). Suppose 4 = n - 0. What is the units digit of n/r + (-260)/(-36)?
7
Let g = 8 - 6. What is the units digit of g?
2
Let q(d) = d**3 + 7*d**2 - 10*d + 15. Let k be q(-8). Suppose z - 3*p + 6*p - 38 = 0, 2*z = 3*p + k. What is the units digit of z?
3
Let n(l) = -l + 5. Let m be n(0). Suppose 48 = 5*p - 4*g, -m*p = -p - 5*g - 42. What is the units digit of p?
8
Suppose y - 3 = -6. Let v(a) = -a**3 - a**2 + 3*a - 1. What is the units digit of v(y)?
8
Let p = 10 - -144. What is the tens digit of p?
5
What is the units digit of (8/10)/((-14)/(-35))?
2
Suppose -3*w - 3*m = -51, 3*m + 6 = 2*w - 2*m. What is the units digit of w?
3
Let i(d) be the first derivative of d**3/3 + 4*d**2 - 8*d - 5. What is the units digit of i(-9)?
1
What is the tens digit of (-254)/(-6) - (-7)/(-21)?
4
Let c = 4 - 1. Suppose 4*l - 6 = c*h, -5*h = 5*l + 7 + 3. Suppose -t + l*t + 2 = 0. What is the units digit of t?
2
Suppose 3*f = 2*j + 6, f + 2*j - 7 = j. Suppose 2*y - 7*y + f = i, i = y + 22. What is the tens digit of i?
1
Let i be 1 + (0 - -1) + 12. Let c = 80 + 298. What is the units digit of c/49 + 4/i?
8
Let k(g) = g**3 - 3*g**2 - 6*g + 5. Let a be k(4). Let y = 8 + a. Suppose 0 = -3*l - 2 + y. What is the units digit of l?
1
Let f = 11 + -39. What is the units digit of (23/2)/((-7)/f)?
6
Let w(g) = g**2 + 7. Let v = -50 + 70. Suppose -z = -2*m + 10, -z = z + 4*m - v. What is the units digit of w(z)?
7
Suppose 4*s - f - 750 = 0, 2*s = -f + 584 - 212. What is the units digit of s?
7
Let t(x) = -5*x**3 - x**2 + 9*x - 5. Let v(y) = y**3 + 0 - 2*y - 1 + 4*y - 2*y**3. Let h(w) = 2*t(w) - 9*v(w). What is the units digit of h(-3)?
8
Suppose -15 + 3 = 3*p. Let b be (-2)/(-7) + p/14. Suppose 0 = 5*f + 3*w - 15, b = -2*w + w. What is the units digit of f?
3
Suppose 43 = 3*p - 77. What is the units digit of p?
0
What is the units digit of 2 + -2 + 4/4?
1
Let r(n) be the first derivative of n**2 - 13*n - 2. Let b(q) = -3*q + 25. Let s(l) = 3*b(l) + 5*r(l). What is the units digit of s(-8)?
2
Suppose -2*l = 3*z - 237, 6*l + 3*z - 363 = 3*l. What is the units digit of l?
6
Let q = -2 - -7. Suppose -q*w + 25 = -0*w. Suppose 0 = w*m - 5*o, -2*o + o - 12 = -5*m. What is the units digit of m?
3
Suppose 20 = 5*t + 4*b, 0 - 20 = 3*t - 4*b. Let a(s) = -4*s - 16. Let c be a(-11). Suppose 3*l - c - 5 = t. What is the units digit of l?
1
Suppose 3*c + 0 = 6. What is the units digit of c?
2
Let l = 28 + -3. Suppose 3*r - 26 - l = 0. What is the units digit of r?
7
Let o = 241 - 53. What is the hundreds digit of o?
1
What is the tens digit of 555/7 + 2/(-7)?
7
Let c(z) = -z**2 - 8*z - 9